 n(k) be the second derivative of -k**5/20 - 5*k**4/12 + 5*k**3/6 - k**2/2 + 22*k + 3. Calculate n(-6).
5
Let n be 0*(-2 + (-3)/(-2)) + 2. Suppose -n*a - 10 - 6 = 0. Let h(k) = k**2 + 7*k - 8. Give h(a).
0
Let k(x) = x**3 - 5*x**2 + 8*x - 3. Let o be k(3). Let r(h) be the first derivative of h**3/3 - h**2 + h - 60. Calculate r(o).
4
Suppose 6*k = 2*k. Let s(q) be the first derivative of q**4/12 - q**3/6 - q**2 - 3*q + 11. Let d(l) be the first derivative of s(l). Calculate d(k).
-2
Let s(u) = -u**2 + u - 13. Let j(b) = -11*b - 3. Let l be j(1). Let r be 6/l - (-6)/14. Calculate s(r).
-13
Let r(k) be the second derivative of -1/12*k**4 - 1/2*k**3 - 3/2*k**2 - 3*k - 8. Calculate r(3).
-21
Suppose k - 11 - 4 = 0. Suppose -2*y + l - 2*l + k = 0, -5*y + 39 = 4*l. Let c(p) = -2*p + 7. Calculate c(y).
-7
Let c(w) = -w + 12. Suppose -19*x = -21*x + 24. What is c(x)?
0
Let y be ((-78)/15 - -4)/(9/120). Let i(w) = -w**3 - 18*w**2 - 31*w + 20. Determine i(y).
4
Let t = 287 - 292. Suppose -3*r + 5*r = 2. Let z(a) = 0 - 2 - 3*a + r. What is z(t)?
14
Let o(z) = z**2 + 6*z - 8. Let q be o(-7). Let u(c) = 8*c**3 - 2*c**2 + 1. Let i(v) = -16*v**3 + 4*v**2 - 2. Let t(s) = -2*i(s) - 5*u(s). What is t(q)?
9
Let m(d) be the first derivative of -d**3/3 + 2*d**2 - 3*d - 36. Suppose t - 7 = 9. Suppose -u + 2 = -n + 1, n = 4*u - t. What is m(n)?
-3
Let v(o) = -o**2 - 19*o - 32. Let w be v(-17). Let h(d) = 14*d**2 - 2*d**2 + d**3 - 3*d**w - 6*d - 4*d**2. Give h(-6).
0
Let t(k) be the first derivative of -k**4/4 - 2*k**3/3 + 5*k**2/2 + 2*k + 10. Give t(-4).
14
Suppose -57*k - 9 = -66*k. Let v(i) be the first derivative of i - k - 3/2*i**2. Calculate v(1).
-2
Let t(d) = -2*d + 7. Let q(l) = 3*l - 15. Suppose 68 = 4*v + 4*k, -4*v - k - 9 + 68 = 0. Suppose -5*z = 6 + v. Let u(x) = z*q(x) - 9*t(x). Give u(2).
9
Suppose m + 0*m - 2 = 0. Suppose -4*v = -3*v + 3*g + 11, -m*g + 16 = -4*v. Let j(b) be the second derivative of b**3/6 + 5*b**2 - 3*b + 52. What is j(v)?
5
Let c = -133 - -133. Let g(s) be the third derivative of 2/3*s**3 + s**2 + 0*s + 1/15*s**5 - 1/12*s**4 - 1/120*s**6 + c. Determine g(4).
-4
Let u(l) = 7*l - 27. Let h(d) = 5*d - 22. Let p(m) = 4*h(m) - 3*u(m). Give p(-11).
4
Let p(j) be the third derivative of j**4/24 - j**3 - j**2. Let n = -22 - -30. Let l be p(n). Let i(q) = -2*q + 1. Determine i(l).
-3
Let k(x) = -485 + 492 + 9*x**2 - 9*x + 2*x**3 - x**3. Calculate k(-10).
-3
Let q = -45 + 49. Suppose q*m + 19 = 3. Let r(u) = 2*u - 11. Let t(b) = -b + 6. Let f(z) = 3*r(z) + 5*t(z). Give f(m).
-7
Let h(o) be the second derivative of o**5/20 + 7*o**4/4 + 7*o**3/2 + 9*o**2 + 96*o + 3. Give h(-20).
-2
Let v(d) = 3*d - 7. Suppose -8*w + 96 = -4*w. Suppose 0*m = -3*m + w. Let r be -17 - -14 - m*-1. What is v(r)?
8
Let l(m) = 3*m**2 + 925*m - 925*m - m**2. Let q be ((-3)/(-6))/(2/12). Let h(v) = v - 2. Let i be h(q). Calculate l(i).
2
Let s(r) = r**3 - 4*r**2 - 6*r + 10. Let u(b) = -b**3 - 4*b**2 + 10*b - 7. Let i be u(-6). What is s(i)?
5
Let d be (-1)/1 - -4 - -5. Let m(g) = g - 8. What is m(d)?
0
Let z = -18 + 12. Let b = 0 - z. Let j(a) = 1 + a + 3 + 1 + a**2 - b. What is j(-1)?
-1
Let d(p) = 130 - 68 + 4*p - 64 - 5*p**2 + p**3. Let n(v) = -v**2 + 6*v + 10. Let m be n(7). Suppose -5*w + 1 = 4*o - 0, o + 5 = -m*w. Determine d(o).
-2
Let g(s) = -s**2 + 10*s - 13. Suppose 2*c = 0, 2*c + 220 = 5*p + c. Let u = -35 + p. Give g(u).
-4
Let i(s) = -51*s - 53*s + 14 - 59*s + 159*s. Give i(5).
-6
Let m(y) = -2*y**2 + 3*y**2 + 4*y**3 + 0*y**2 - 3*y**3 - y. Let d be m(0). Let a(f) be the first derivative of -f**3/3 + f**2/2 - 8*f + 4. Determine a(d).
-8
Let b(a) be the first derivative of 5*a**2/2 - 4*a + 8. Let d = 81 + -77. What is b(d)?
16
Suppose 3*p + 3*b = 0, 2*p - b - 5 = 10. Suppose 3*w - p = 4. Let v(u) = -u**3 + 2*u**2 + 4*u - 3. Calculate v(w).
0
Suppose 3 = -3*x - 3. Let j(m) = -m**3 + 2*m**2 + 5*m - 4. Let k be j(3). Let s(f) = 2*f**3 + 6*f**2 - 2 + 2*f + 1 - 3*f**2 - k*f**2. What is s(x)?
-17
Let b(z) = 58*z + 3*z**2 - 60*z - 4*z**2 - 1 - 2. Suppose 4*a + 8 = -8. Determine b(a).
-11
Let u(p) = p**2 - 83*p - 622. Let g be u(-7). Let h(n) = -n**3 + 8*n**2 + n - 15. What is h(g)?
-7
Let a(w) = 26*w**3 + w**2 - w - 1. Let h = -1396 - -1397. Determine a(h).
25
Let h(r) = r**2 + 12*r + 8. Suppose 151*i = 154*i + 18. Give h(i).
-28
Let d(m) be the second derivative of m**5/10 - m**4/12 + m**3/6 - m. Let u be d(1). Let h(s) = -s**2 + 2*s**u - 3 + 3*s + s. Determine h(-5).
2
Let m(f) = -4*f**2 + 5*f - 20. Let z = 16 - 16. Suppose u - 18 = -u - 5*l, z = -u - 2*l + 9. Let n(b) = -b**2 + b - 5. Let s(r) = u*n(r) - 2*m(r). Give s(0).
-5
Let t(c) = -c**3 + 3*c**2 - 2*c - 2. Let r = 17 - 19. Let q = r - -5. Let k(s) = -s**3 + 4*s**2 - s - 1. Let w(u) = q*k(u) - 2*t(u). Calculate w(6).
7
Suppose -3*r = t + 2*t, r + 2 = 0. Let m(q) = -6*q + 9*q + q**2 + 16 - t*q - 41. Calculate m(0).
-25
Suppose -5*j = -j. Let h = 4 - j. Let x(c) be the first derivative of -c**4/4 + 5*c**3/3 - 3*c**2/2 + 250. Give x(h).
4
Let y(f) be the third derivative of -1/144*f**6 + f**2 + 1/8*f**4 + 0 + 0*f + 0*f**5 + 0*f**3. Let r(b) be the second derivative of y(b). Calculate r(1).
-5
Let v(n) = -n**2 - 5*n - 6. Let r be -9 - (-3)/((-3)/(-2)). Let y be (-2)/(-3)*(r + -2). Calculate v(y).
-12
Let d(i) = -2*i**2 - 6*i - 3. Suppose f + 5*v - 26 = 0, -3*f - 5*v + 5 + 23 = 0. Let l be (-24)/15*5/f. Let m be (-4)/l*-4*2. Calculate d(m).
-11
Let l = 2338 + -2341. Let x(q) = q**2 + 4*q + 2 + 1 - 1. Give x(l).
-1
Let l(g) = -g**2 + 4*g - 1. Suppose -4*r + a - 3 = 1, 3*a - 12 = -4*r. Let q be (-1)/((-1)/(-2)) - -6. Suppose 4*y - 12 = y, -q*h + 3*y = r. Calculate l(h).
2
Suppose 0 = -3*a + 2 + 13. Let u(z) = -4*z**3 + 3*z**2 - 11*z + 4. Let i(y) = 3*y**3 - 4*y**2 + 10*y - 4. Let m(r) = 3*i(r) + 2*u(r). Determine m(a).
11
Let s(n) = 6*n**3 - 6*n - 6. Let m(p) be the first derivative of 5*p**4/4 - 5*p**2/2 - 6*p + 57. Let r(x) = 5*m(x) - 4*s(x). What is r(0)?
-6
Let v(s) = -4*s**2 + 307*s**3 - 306*s**3 - 2*s - 3*s + 3. Let n(c) = 6*c**2 - 3*c + 2. Let k be n(1). Determine v(k).
3
Let i = 1 - 7. Let w(m) = -5*m - 45. Let p(s) = s + 8. Let f(r) = -11*p(r) - 2*w(r). Calculate f(i).
8
Let n(m) = -m**2 + 36*m - 315. Let v be n(15). Let a(i) be the second derivative of -5/6*i**3 + 3*i**2 + 5/12*i**4 - 1/20*i**5 + v - i. Determine a(4).
2
Let g(p) = p + 1. Suppose 0 = 5*b - b - 12. What is g(b)?
4
Let t be (12 + -3 + 0)*32/(-48). Let b(u) = -u**2 - 7*u - 5. Give b(t).
1
Let x(j) = -j**2 + 9*j + 78. Let w be x(-5). Let r(n) = 2*n. Determine r(w).
16
Let f(p) = p - 2. Let t be f(6). Let v(z) = -287*z**3 + 288*z**3 - 2*z + 17*z**2 - 20*z**2 + 1. What is v(t)?
9
Let k be (-29)/(1160/(-96))*(-15)/(-6). Let a(n) = n**3 - 6*n**2 + 6*n - 3. What is a(k)?
33
Let o = 4 + -8. Let a(d) be the second derivative of 2/3*d**3 + 0 + 1/12*d**4 + 5*d - 5/2*d**2. Give a(o).
-5
Let u(j) be the second derivative of j**5/20 + 2*j**4/3 + 5*j**3/6 - 2*j**2 - 13*j. Let s = -128 + 121. What is u(s)?
10
Let d(s) be the second derivative of -1/6*s**3 - 1/2*s**4 + 7/2*s**2 - 1/20*s**5 - 2*s + 0. Calculate d(-5).
-13
Let j be (-6)/18 + (-1)/(-3). Let s(m) = 2*m + 2. Let v be s(j). Let q(y) = -2*y**2 + 2*y + 1. Give q(v).
-3
Let u(v) = 96*v + 578. Let y be u(-6). Let s(h) = 8*h**2 - 2*h - 2. Determine s(y).
26
Let x(z) = 582 + z - 289 - 289. Let u = 17 - 20. What is x(u)?
1
Let a(v) be the third derivative of v**4/8 - v**3/6 - 6*v**2 + v. Calculate a(5).
14
Let m(x) be the third derivative of x**9/60480 - x**8/2520 + x**7/720 - x**6/720 + 3*x**5/10 + 10*x**2. Let o(g) be the third derivative of m(g). Give o(7).
-1
Let c(f) be the second derivative of -f**5/20 + f**4 - f**3/6 + 8*f**2 - 39*f + 4. What is c(12)?
4
Let o(b) be the third derivative of -b**7/840 + b**6/120 + b**5/40 - b**4/6 - 5*b**3/2 - 5*b**2. Let s(n) be the first derivative of o(n). Calculate s(4).
-8
Let u(z) = -47*z - 2. Let y(m) = -17*m - 1. Let o(p) = 4*u(p) - 11*y(p). What is o(-7)?
10
Let z(k) be the third derivative of 5*k**4/24 - 31*k**3/6 + 13*k**2. Let w be z(6). Let c(v) = 2*v - 3 + 4 - v. What is c(w)?
0
Let j = 9 - -3. Let f be (1/(-3))/((-1)/j). Let u(y) = -y**3 + 3*y**2 + 4*y - 5. Calculate u(f).
-5
Suppose -17*c + 14*c = -6. Suppose 2*i = -c*i. Suppose i = -4*f + 4 - 2